- z. Let j(w) = 4*w**2 - w - 2. Let r be j(2). Calculate the greatest common divisor of r and p.
6
Suppose y = -3*k + 315, 4*k - 5*y = -74 + 494. Let h be 62/4 + (-1)/2. What is the highest common factor of k and h?
15
Suppose -4*t - n + 76 = -5*n, 4 = t + 2*n. What is the greatest common divisor of t and 42?
14
Let r be 3*(3/9 - -1). Suppose y + 4 = -d, d + 2*d = r*y + 9. Let k(n) = 8*n**2 - 4*n - 4. Let t be k(y). Calculate the greatest common divisor of 10 and t.
10
Let f(z) = z**2 - 5*z + 6. Let m be f(5). Let b = m + 0. Let w(p) = p + 2. Let x be w(b). Calculate the highest common divisor of 12 and x.
4
Suppose 202 = -5*s + 657. Calculate the highest common divisor of s and 7.
7
Suppose -634 = -7*o + 171. Let u = -81 + o. Let x(l) = -44*l - 3. Let z be x(-2). What is the greatest common divisor of u and z?
17
Let b be (-3)/2*-2 + -7. Let v be b/(-6) + 3/9. Let i(a) = 46*a - 1. Let n be i(v). Calculate the highest common divisor of 9 and n.
9
Let u = 1 - 5. Let m be (18 - 3)*u/(-6). Calculate the highest common factor of m and 4.
2
Let s(q) = q**2 + 10*q + 9. Let m be s(-9). Let f = -5 - -11. Suppose -f = -m*n - n. Calculate the greatest common divisor of n and 24.
6
Let o(q) = -7*q**3 - 3*q**2 - q - 1. Let d be o(-2). Let p be ((-2)/3)/((-6)/d). What is the greatest common divisor of p and 15?
5
Let b be 6/(3 - 6)*-15. Let p = 53 - b. Calculate the greatest common factor of p and 207.
23
Suppose -3 = 3*h - 45. Suppose 564 = 5*w + s, 0 = -4*w - 5*s - 120 + 588. What is the highest common factor of w and h?
14
Suppose 12 = 4*w, 0 = 2*n - 2*w + 4*w. Let j = 6 + n. Let t = 96 + -87. What is the greatest common factor of j and t?
3
Let u be (-10)/(-45) - 184/18. Let d = 15 + u. Suppose -2*b - 6 = -2*h - 42, 50 = 3*b - 5*h. What is the highest common factor of d and b?
5
Suppose 3*w = -2*i + 3*i + 13, -4*i = -5*w + 31. Let z(j) = j**2 + 6*j + 6. Let t be z(-6). Calculate the greatest common divisor of t and w.
3
Let l be (-3)/9*-9*1. Let w(c) = 4*c**2 - 3*c + 2. Let k be w(2). What is the greatest common factor of l and k?
3
Let r = 2 - 2. Let s be (r - -8)/((-1)/(-2)). Let l = 49 + s. Calculate the greatest common divisor of 13 and l.
13
Suppose -5*p + 3*c = -8, -2*p + c + 12 = 2*c. Calculate the greatest common factor of p and 32.
4
Let h(a) = a + 8. Let v be h(0). Let s = -128 + 64. Let w = s - -152. What is the highest common factor of v and w?
8
Let l be 0 + 3 + -1 - 2. Suppose -3*w - 15 = l, w + 36 = 4*v - 3*w. What is the greatest common factor of v and 4?
4
Let q be 2*-67*(-2)/4. Suppose 3*f - u - 197 = -12, -f + q = u. Calculate the highest common divisor of 9 and f.
9
Let c be 627/(-12) - (-15)/(-20). Let t be 8/16 + c/(-2). Calculate the greatest common divisor of t and 18.
9
Let g(o) = -2*o**2 + 9*o - 7. Let f be g(3). Let x be ((-2)/4)/((-2)/32). What is the greatest common factor of x and f?
2
Let l = 20 - 13. Suppose -d = 5*s - 10, -5*d + 82 = -5*s - 118. Calculate the greatest common factor of l and d.
7
Let j be (-1*42)/(0 - 1). Let b be 3 + -4 + j/3. Calculate the greatest common divisor of b and 13.
13
Let f = -15 - -5. Let g = -4 - f. What is the highest common divisor of 42 and g?
6
Suppose -4*d - 55 = -3*n - 11, -2*d = -n + 18. Calculate the greatest common factor of 4 and n.
4
Let d = 53 - 21. Let i be (-10)/35 - (-4)/14. Let a(h) = -h + 80. Let n be a(i). Calculate the highest common divisor of d and n.
16
Let w(s) = s + 11. Let g be w(0). Let f = 99 + g. Suppose -u + c + 20 = 0, 0*c + 5*c - f = -5*u. What is the greatest common factor of 14 and u?
7
Let v(y) = -3*y**3 - y**2 + y + 2. Let q be v(-2). Calculate the highest common divisor of q and 40.
20
Suppose -5*w + 24 = 9. What is the highest common factor of w and 21?
3
Let y be 9/((18/(-8))/(-3)). Suppose -2*b = 4*u - 6*b + 8, 2*u = 5*b - 16. Let t be y + -1 + -3 + u. What is the greatest common divisor of 20 and t?
10
Let n = -25 + 41. Suppose -3*m + z - 3*z = -62, 4*m - 3*z - 111 = 0. What is the greatest common factor of m and n?
8
Let r = 300 - 186. What is the greatest common factor of r and 6?
6
Suppose -g + 11 - 4 = 0. Let m(f) = 3*f**3 - 4*f**2 + 5*f - 4. Suppose 2*h - 1 = 5. Let k be m(h). What is the greatest common factor of k and g?
7
Suppose 5*b = 9 + 56. Calculate the highest common factor of 26 and b.
13
Let t be (-6)/(-4) + (-483)/(-14). Calculate the greatest common divisor of 54 and t.
18
Let s(m) = -2*m**2 - 9*m - 4. Let d be s(-6). Let g = -1 - d. What is the greatest common factor of 7 and g?
7
Suppose 4*q - 12 = -h, 0 = -2*q + q + 2*h + 3. What is the greatest common divisor of 3 and q?
3
Let w(h) = h**2 + 13*h + 14. Let a be w(-12). Suppose 25 = a*n + 3*n. Let o = 9 + 1. Calculate the greatest common factor of n and o.
5
Let z be 2 + -2 + 17 + -2. Calculate the greatest common factor of z and 15.
15
Let r = 136 - 129. What is the greatest common divisor of r and 49?
7
Suppose -4*m = -6*m - 154. Let q = m - -47. Let z = -18 - q. What is the greatest common factor of z and 12?
12
Let j be (-4)/26 + (-3850)/(-182). Calculate the highest common factor of 35 and j.
7
Let o(q) = q**2 - 4*q - 3. Suppose -18 = 4*k - 7*k. Let w be o(k). What is the highest common factor of 18 and w?
9
Let s(b) = -b**3 + 6*b**2 - 5*b + 3. Let i be s(4). What is the highest common divisor of 10 and i?
5
Let r = 46 - 40. Let z(d) = -7*d - 4. Let k be z(-4). What is the greatest common divisor of r and k?
6
Suppose 3*m = -x - 0*x + 19, 31 = 3*m + 4*x. What is the highest common divisor of 10 and m?
5
Suppose -175 = b - 0*b. Let o = -98 - b. Calculate the highest common factor of o and 11.
11
Suppose -2*i - 114 = -5*v + 2*i, -2*v - 4*i + 68 = 0. What is the highest common divisor of v and 2?
2
Suppose 0 + 10 = 2*x. Let z(y) = 2*y - 7. Let j(h) = h**2 - 3*h + 8. Let u(n) = 2*j(n) + 3*z(n). Let l be u(x). What is the highest common divisor of 5 and l?
5
Let i(n) = n**2 + 5*n + 6. Let w be i(-6). Suppose 4*b + 8*j = 12*j + 208, -2*b = -j - 100. What is the highest common factor of b and w?
12
Let n = 59 - -37. What is the greatest common divisor of n and 24?
24
Let v = -85 + 206. What is the highest common factor of v and 11?
11
Let f be (-1)/(3 + -2)*-5. Let y be (18/3)/(6/4). Suppose f*d + 5*x - 39 = y*d, 9 = d - 5*x. What is the greatest common factor of 36 and d?
12
Suppose -5*h + 10*h = 80. Calculate the highest common factor of h and 8.
8
Let u be -1 + 4 + (-80)/(-4). Let j(z) = -3 + z + u - 3. Let h be j(0). Calculate the greatest common factor of 51 and h.
17
Let q be 3/((-54)/20 + 3). Let c be q - (0/(-1) - -1). What is the greatest common factor of c and 3?
3
Suppose -4*x + 120 = -x. What is the greatest common divisor of x and 10?
10
Let l be (-7 + -5)*(-1 - 18/8). What is the highest common factor of l and 351?
39
Let v = -173 + 250. What is the greatest common factor of 7 and v?
7
Suppose -4*w - 2 = -2*w - 4*s, 13 = 3*w + 2*s. Let u be (w/6 + -2)*-72. What is the highest common divisor of u and 27?
27
Let g(d) = d**2 + 4*d - 8. Suppose -2*y - 1 = 11. Let x be g(y). What is the highest common factor of 8 and x?
4
Suppose -2*c - 2*z + 0*z + 62 = 0, 0 = 5*c - 5*z - 185. What is the highest common factor of c and 34?
34
Let v = 6 + 0. Let q be 1*(0 + (-101)/1). Let l = q + 167. Calculate the highest common factor of v and l.
6
Let g = -4 - -1. Let y be (-2)/(-6) + (-35)/g. Let z = y + 2. Calculate the highest common factor of z and 7.
7
Suppose 23 + 1 = 4*u. Let a be 68/u - 6/(-9). What is the highest common factor of a and 36?
12
Let v(n) = -n + 21*n**2 + 4*n + 11*n**2 + 28*n**2. Let h be v(-2). Calculate the highest common factor of h and 26.
26
Suppose d + 30 = 3*m - 0*d, 0 = 4*m - 3*d - 40. What is the greatest common divisor of 50 and m?
10
Let b(r) = -r**2 - 4*r + 4. Let v be b(-4). Let j = 12 - v. Suppose 2*s + 20 = 7*s. Calculate the highest common divisor of j and s.
4
Let o = 1 + 2. Suppose 0 = -d + o*d - 22. What is the highest common factor of d and 11?
11
Let i(x) = x**3 - 12*x**2 - 13*x + 7. Let f be i(13). Let a(g) = -g**3 + 8*g**2 - 5*g - 2. Let u be a(f). Calculate the highest common divisor of 30 and u.
6
Suppose -2*o = 19 + 7. Let b = 25 + o. Suppose 2 - b = -5*c. What is the highest common factor of 5 and c?
1
Let z = -36 + 42. Let t = 5 - 9. L